ighest common factor of 12 and n?
12
Let k be ((-10)/(-8))/((-3)/(-12)). Suppose -k*r + 200 = -220. What is the greatest common factor of 12 and r?
12
Suppose 0 = -2*a - 2*a - 28. Let g(m) = m**2 + 5*m - 10. Let i be g(a). Let k be 0/1 + (i - 2). Calculate the highest common factor of k and 3.
1
Suppose -j = 3*j - 1568. Let k be 2/5 - (-2)/(-5). Let c be -2 + k + j/4. What is the highest common divisor of 12 and c?
12
Suppose -14 = -2*a - r, -6*a - 4*r + 11 = -3*a. Calculate the greatest common factor of a and 36.
9
Let o(n) be the second derivative of -n**4/12 - 5*n**3/6 + n**2 - 2*n. Let f be o(-5). What is the highest common factor of 5 and f?
1
Let h(d) = 8*d**2 - d - 1. Let v be h(-1). Let f = v + 17. Calculate the greatest common divisor of 10 and f.
5
Let z(d) be the second derivative of d**5/20 + 7*d**4/12 + 5*d**3/6 + 7*d**2/2 - 8*d. Let v be z(-6). What is the highest common divisor of v and 13?
13
Suppose -42*j - 276 = -45*j. What is the highest common factor of 23 and j?
23
Suppose 2*y - 23 = -n + 47, 2*n - 68 = -2*y. Let u = y - -19. What is the highest common divisor of u and 11?
11
Let g = 119 - 69. Calculate the greatest common divisor of 20 and g.
10
Suppose 3*w - 15 = 0, -4*v = -v + 3*w - 51. Let i(x) = -x**3 - 8*x**2 + 16*x + 20. Let c be i(-10). What is the greatest common factor of c and v?
12
Let w be -2 + (1 - (-1 - -157)). Let a = w + 223. What is the highest common divisor of 6 and a?
6
Let u = -43 + 61. Let m = -372 + 570. What is the greatest common divisor of m and u?
18
Let c be 1/(-3 + 318/105). Suppose -5*y + 0*y + c = 0. Let t = y - 3. What is the greatest common divisor of 2 and t?
2
Suppose 15 = -5*a, -3*a = -3*s + a + 75. Let m be (-1)/(3/3291*-1). Suppose -m + 362 = -5*g. Calculate the greatest common divisor of g and s.
21
Suppose i - 9 = -4. Let j = i + 9. Let q(r) = 41*r**2 + 2*r - 1. Let n be q(1). Calculate the greatest common divisor of j and n.
14
Suppose -77 = -5*t + 33. Let s = 31 - t. Calculate the highest common factor of s and 81.
9
Suppose -2*p + 8 = -22. What is the greatest common factor of p and 135?
15
Let f(g) = 4*g. Let j be f(3). Suppose 5*a + 55 = z, -3*z + 249 = 3*a + 66. Calculate the greatest common divisor of j and z.
12
Let z be (4/4 - -1)*2. Suppose -4*v - 84 = -z*l, 4*l + 4*v - 84 = 2*v. Calculate the highest common divisor of l and 14.
7
Suppose 29*d = 32*d - 441. Calculate the highest common factor of 21 and d.
21
Let z = 7 + -3. Suppose 4*w - 377 = -5*y, y - 104 = z*w - 19. Suppose -g + 8*o + 16 = 3*o, 41 = 4*g + 3*o. Calculate the greatest common factor of y and g.
11
Let i be (-2*(1 + 0))/(-1). Suppose -i*d = -9 - 3. Suppose 0 = -4*g + 5*a - 9, d*g + 3*a = 3*g + 27. What is the greatest common factor of g and 2?
2
Let v = 14 + -15. Let j be (v - 1)/((-18)/297). Calculate the greatest common divisor of j and 3.
3
Let d(x) = -x**3 + 8*x**2 - 8*x - 3. Let t be d(7). Let v be 2/(t/6 + 2). Let m = 110 + -95. What is the greatest common divisor of m and v?
3
Let u(r) = r**2 - 2*r - 1. Let j be u(5). Suppose -4*m = j - 62. Calculate the greatest common divisor of 36 and m.
12
Suppose -3*t - 14 = -2*t. Let c = -7 - t. Calculate the highest common factor of c and 49.
7
Suppose 5 = 5*b, -4*o + 7*b = 2*b + 69. Let u(z) = z - 26. Let r be u(0). Let k = o - r. Calculate the greatest common factor of 90 and k.
10
Suppose -o - 7 = 2. Let i = -7 - o. Suppose 3*p + 4*c - 28 = 0, i*c + 4 = -4*p + 7*c. What is the greatest common factor of 8 and p?
4
Let o(w) = -w**2 - 4*w - 4. Let k be o(-3). Let b(r) = 6*r**2 + 1. Let c be b(k). What is the greatest common divisor of c and 77?
7
Let n = -51 + 66. What is the greatest common factor of 30 and n?
15
Suppose 5*w - 3*i - 105 = 0, 3*w + 9*i = 4*i + 29. What is the highest common factor of w and 117?
9
Let k be (1 - 2)*-3 + 0. Suppose -766 = -3*m + k*r - 115, 5*m - 3*r - 1091 = 0. Calculate the greatest common divisor of m and 20.
20
Suppose b = g + 102, -4*g - 412 = -0*g - 3*b. Let d = g + 204. What is the greatest common factor of d and 14?
14
Let m be 158/8 - (-1)/4. Let u(o) = -15*o - 230. Let p be u(-18). Calculate the greatest common divisor of m and p.
20
Suppose -2*h + 176 = -v - 127, -2*h + 297 = -3*v. What is the greatest common factor of h and 9?
9
Let u be 228/(-14) + 2/7. Let h = u - -41. What is the greatest common divisor of h and 5?
5
Let b be -1 - -2*(-10)/(-4). Suppose -2*i - b*r + 36 = 0, 5*i + 0*r + 4*r = 78. Calculate the greatest common divisor of 35 and i.
7
Let h(u) = -u**3 - 4*u**2 + 9*u + 4. Let f be h(-6). Suppose 6*o - 4*o = 0, 5*a = -3*o + 880. Calculate the highest common divisor of a and f.
22
Let z be ((15 - 0) + 2)*-2. Let h be 24*z/4*-2. Suppose -3*k + h = 5*y, -2*y = k - 31 - 132. What is the greatest common divisor of 9 and y?
9
Suppose -61 = -m - l, 3*m - 3*l = 158 + 55. What is the highest common divisor of 6 and m?
6
Suppose -5*m = 5*r - 2*m + 27, 5*m = 3*r - 11. Let d be (-1)/(83/28 + r). Calculate the greatest common factor of 14 and d.
14
Let l be ((-6)/6 - 1) + 35. What is the highest common divisor of l and 11?
11
Let j = -60 - -260. What is the highest common divisor of j and 80?
40
Suppose 0 + 10 = 5*z. Suppose z = 2*k - 28. Let u be (-212)/(-2) - 2/2. What is the greatest common divisor of k and u?
15
Let s be ((-255)/(-12))/((-3)/(-12)). Let i be (-18)/(0 + -1) + -1. What is the highest common divisor of s and i?
17
Let v be 1*(-11)/(3 - 2). Let p = -5 - v. Let l = -2 + 8. What is the highest common divisor of p and l?
6
Let p be 2/5 + 24/15. Suppose -t = -p*t + 7. What is the greatest common factor of 77 and t?
7
Let q(h) = 2*h**2 - 1. Let w be q(2). Let v be ((-1)/1 - -4) + w. Calculate the highest common factor of 40 and v.
10
Let f = 12 + -5. Let b = 23 - f. Calculate the highest common divisor of b and 8.
8
Let p(a) = 3*a + 6. Let i be p(4). Suppose -5*q + 60 = 5*l, 2*q + i = -l + 7*q. Calculate the highest common factor of l and 77.
7
Suppose -2*q - 2*q - 68 = 0. Let w = q + 23. What is the greatest common factor of w and 4?
2
Let j = 32 + -20. What is the highest common factor of 4 and j?
4
Let p = -4 + 5. Let c be 18/(4 + 4/(-2)). What is the highest common factor of p and c?
1
Let g = -8 - -13. Let n(w) = 2*w**2 + 3*w - 1. Let s be n(g). Calculate the greatest common factor of 16 and s.
16
Suppose -12 = -3*a - 3. Suppose -4*c + 4 = -a*v, -v + 2*v - 4 = 0. Let o be (c/6)/(5/90). Calculate the greatest common divisor of 108 and o.
12
Let c = -4 + 2. Let j be (6/(-9))/c*0. Let b = j + 5. What is the greatest common divisor of 55 and b?
5
Suppose -7*l = -11*l + 880. Let a be 2/6*(2 + -2). Suppose -3*p - 7 = -5*x + 105, a = -3*p - 12. Calculate the highest common divisor of x and l.
20
Let q(y) = y**3 + 6*y**2 + 2*y - 6. Let k be q(-5). Let w = k + 6. What is the greatest common factor of 120 and w?
15
Let w(q) = -q**3 + 12*q**2 - 4*q + 14. Let j be w(11). Calculate the greatest common factor of j and 13.
13
Let v(m) = -m**2 + 4*m + 6. Let p be v(5). Calculate the greatest common factor of 2 and p.
1
Let a be 4/10 + (-118)/(-5). Suppose -3*g + 204 = a. Calculate the greatest common divisor of g and 24.
12
Suppose g - 2 - 1 = 0. Let r(m) = -m**2 + 11*m - m**3 + 2*m**2 - 2*m - 5 + 6*m**2. Let j be r(8). What is the greatest common divisor of g and j?
3
Let r be (-1083)/(-33) + (-4)/(-22). Suppose 0 = -a + 4*a - r. Let x = -86 - -207. Calculate the greatest common factor of x and a.
11
Suppose -3*r + 20 = -5*z, -r - 2*z = 2*r - 13. Suppose 3*t + 2 = r. Let l(n) = 4*n**2 - 2*n + 1. Let o be l(t). Calculate the highest common divisor of o and 6.
3
Let i(p) = 32*p + 1. Suppose -4 = -5*k + 1. Let o be i(k). What is the greatest common divisor of 3 and o?
3
Let f(l) = 10*l**2 - 6 - 9*l**3 + 4*l**3 + l**2 + 6*l**3 - l. Let r be f(-9). Calculate the greatest common factor of r and 15.
15
Let r(j) = -j**2 - j + 72. Let f be r(0). Let x be 4/(8/(-3))*-2. Suppose f = x*b + 2*o, b - o = 11 + 8. What is the greatest common factor of 11 and b?
11
Suppose -33 = -4*i + 27. Suppose -102 - 78 = -4*n. What is the greatest common divisor of i and n?
15
Let c(n) = n**3 - 5*n**2 - 19*n - 5. Let b be c(8). What is the highest common divisor of 280 and b?
35
Let n(m) = -10*m**2 + 3*m - 5 + 4*m**2 - 3 + m**3. Let p be n